 14) to base 6.
-51434524
Convert -10000111001111001 (base 2) to base 10.
-69241
What is 5aa3b (base 12) in base 15?
26432
Convert 11154401 (base 6) to base 3.
122100221101
What is 221755 (base 8) in base 12?
372b9
-5e79 (base 15) to base 7
-112500
-30433334 (base 6) to base 16
-d5c3a
Convert -4d228a (base 15) to base 10.
-3702955
-53105 (base 8) to base 11
-15658
-26642435 (base 7) to base 15
-33a28e
Convert 333111233 (base 4) to base 12.
10617b
What is 6845870 (base 9) in base 14?
6c14c6
What is 1011110100110100000 (base 2) in base 13?
1074aa
Convert -2224714 (base 10) to base 11.
-128a508
Convert 12021002001020 (base 3) to base 13.
76bb28
1272601 (base 8) to base 16
57581
6703662 (base 10) to base 2
11001100100101000101110
What is -40135500 (base 6) in base 7?
-12425145
What is -21b836 (base 14) in base 4?
-10113300020
What is -441240204 (base 5) in base 4?
-13033232211
Convert -646513 (base 13) to base 3.
-11102200212221
What is -6300a0 (base 13) in base 14?
-4431d1
-23764241 (base 8) to base 10
-5236897
Convert -45425 (base 10) to base 12.
-22355
-7a86 (base 15) to base 10
-26001
Convert 2643330 (base 10) to base 2.
1010000101010110000010
What is 4553253 (base 6) in base 10?
232737
What is -101100111111100010 (base 2) in base 7?
-1365201
3258188 (base 10) to base 4
30123131030
-10220210122221 (base 3) to base 5
-1013120013
Convert -2b8a8c (base 13) to base 2.
-100000110101110101011
What is 1301221022 (base 4) in base 12?
1a5462
Convert -160011 (base 7) to base 14.
-b541
What is -21021110000011 (base 3) in base 10?
-3866620
What is 2821954 (base 11) in base 4?
102203110323
What is 1440042 (base 6) in base 5?
10123340
Convert -100010011111001011 (base 2) to base 7.
-1125556
Convert -128527 (base 10) to base 16.
-1f60f
What is 1a1633 (base 12) in base 14?
bd2d1
What is 10100101202020 (base 3) in base 7?
21060324
Convert -27478 (base 15) to base 8.
-365700
-11001103322 (base 4) to base 14
-2638a6
-144adbb (base 15) to base 16
-dfced4
What is -760142a (base 11) in base 3?
-221011012221010
Convert -12310 (base 16) to base 12.
-37154
What is 113033322 (base 4) in base 8?
271772
910450 (base 10) to base 3
1201020220101
10110021222022 (base 3) to base 2
111000000010100101100
What is 116820 (base 9) in base 5?
4230100
1032664 (base 7) to base 12
60a1a
Convert 1222220100 (base 3) to base 11.
27582
Convert -303384 (base 11) to base 10.
-487601
Convert 381a99 (base 13) to base 15.
1b8dda
What is -913534 (base 11) in base 7?
-15325012
-796ad2 (base 15) to base 7
-100150655
-111100100001001 (base 2) to base 10
-30985
-310130321 (base 4) to base 7
-1553234
Convert 211222221210 (base 3) to base 5.
103441201
8c5b3 (base 13) to base 8
763543
Convert 21aae (base 15) to base 2.
11010001000011111
Convert -1443c5 (base 13) to base 11.
-308994
-214313404 (base 5) to base 16
-e3a02
177168 (base 12) to base 4
1203030200
-25991 (base 13) to base 10
-69746
-124657 (base 11) to base 5
-22241240
What is 17436473 (base 8) in base 6?
223231455
Convert 1335784 (base 10) to base 12.
545034
What is 668073 (base 10) in base 6?
22152533
What is 148b4 (base 15) in base 6?
1225554
Convert 2299 (base 16) to base 14.
3329
Convert -21211021002 (base 3) to base 2.
-100101100110011010
What is -352771 (base 13) in base 4?
-10310030101
Convert -a2cc2 (base 13) to base 8.
-1072536
What is 1b87258 (base 13) in base 16?
8bb2ee
Convert 811315 (base 9) to base 15.
9730e
-268372 (base 10) to base 8
-1014124
Convert -12b836 (base 12) to base 6.
-10353310
What is -1111111001 (base 3) in base 13?
-10582
Convert -454053 (base 8) to base 5.
-14404033
-77720 (base 10) to base 6
-1355452
What is -301224343 (base 6) in base 8?
-23362007
-1021113 (base 7) to base 3
-20020112010
What is 188910 (base 11) in base 9?
481631
Convert 102225110 (base 7) to base 3.
102100212201022
Convert -154543 (base 6) to base 5.
-442302
Convert -101000010010101100 (base 2) to base 16.
-284ac
212210102001222 (base 3) to base 2
110000001111000011001110
-457917 (base 10) to base 13
-130575
What is 846211 (base 9) in base 12?
20323a
Convert 9d7cd4 (base 16) to base 8.
47276324
Convert 3469795 (base 10) to base 3.
20112021122221
-146663 (base 10) to base 3
-21110011222
Convert 1051024 (base 6) to base 2.
1101000001111000
-402785 (base 11) to base 6
-21515034
Convert -2527436 (base 8) to base 12.
-299252
What is -287c21 (base 13) in base 2?
-11110001010101011100
-131302212100 (base 4) to base 5
-3444400144
Convert 112120212 (base 5) to base 8.
1731160
1123330321 (base 4) to base 6
12023401
-d6c44 (base 14) to base 13
-151ba0
a49247 (base 16) to base 15
e309d6
Convert -5a8a84 (base 13) to base 2.
-1000001111101100101001
13522146 (base 7) to base 16
1351b0
2153376 (base 8) to base 13
1738c7
Convert -2445500 (base 6) to base 15.
-28b90
Convert -11262453 (base 7) to base 9.
-1768176
Convert -10101010011100001001 (base 2) to base 13.
-1b59b8
What is -2741860 (base 9) in base 4?
-11233022130
What is 3d7f91 (base 16) in base 5?
2012432403
What is b7001 (base 14) in base 11?
281a13
-2111201011 (base 3) to base 10
-49360
Convert 36345 (base 13) to base 4.
120101211
Convert 34a68 (base 12) to base 6.
1303012
1220002220012 (base 3) to base 8
3654570
What is 53127 (base 14) in base 11?
127742
What is 1100010001101110011101 (base 2) in base 14?
5dac0d
What is -100122002120001 (base 3) in base 9?
-10562501
1d981 (base 14) to base 4
102202331
What is 580101 (base 10) in base 13?
174072
Convert 104233 (base 5) to base 3.
12001210
-19a4118 (base 12) to base 9
-11211132
What is 859707 (base 10) in base 11?
537a02
1600733 (base 10) to base 16
186cdd
Convert -11011001011001100010 (base 2) to base 6.
-31030310
1122111211 (base 3) to base 12
16941
What is -5334153 (base 6) in base 7?
-2136120
-102332452 (base 6) to base 16
-1b7a30
What is -101203412 (base 5) in base 12?
-17abb2
What is 557373 (base 10) in base 14?
1071a5
100001000001100010110 (base 2) to base 10
1082134
Convert -30410344 (base 6) to base 7.
-10262164
What is 270cca (base 13) in base 2?
11100110101001000011
Convert -1aed9 (base 16) to base 14.
-2c2a5
Convert -625027 (base 13) to base 7.
-25341403
-101111011101000000 (base 2) to base 4
-233131000
-a3b700 (base 14) to base 12
-1a25444
-125635 (base 11) to base 10
-197752
-231002300 (base 4) to base 9
-311065
What is -11dc6 (base 15) in base 3?
-2220100020
-1436a58 (base 13) to base 7
-105335440
What is 7118a (base 15) in base 3?
200012020011
1431044112 (base 5) to base 9
7073556
Convert -45330 (base 16) to base 2.
-1000101001100110000
Convert 3742401 (base 9) to base 7.
23205652
Convert 133013441 (base 5) to base 3.
1021012011210
428002 (base 10) to base 13
11ca73
-67f2e (base 16) to base 12
-186492
-305202203 (base 6) to base 15
-6e6d0c
Convert -363167 (base 10) to base 12.
-1561bb
What is -9083a0 (base 12) in base 5?
-1034110424
Convert -26a71 (base 14) to base 9.
-154720
-6041 (base 10) to base 5
-143131
What is 20202202010122 (base 3) in base 15?
4b0b8e
Convert -c4594 (base 14) to base 12.
-1a9932
-6064672 (base 10) to base 4
-113020220200
What is -131173 (base 8) in base 15?
-d811
Convert -268345 (base 10) to base 7.
-2165230
What is 114310320 (base 5) in base 15?
aa5e0
Convert 672312 (base 8) to base 10.
226506
2002210011022 (base 3) to base 11
6a37a7
Convert -35c248 (base 14) to base 10.
-1838936
-201001021 (base 3) to base 11
-a483
-5730198 (base 11) to base 2
-100110010000100100000001
What is 11bab (base 15) in base 6?
1114112
What is 353565 (base 12) in base 11?
535275
123033010 (base 4) to base 3
12200000201
Convert 10895412 (base 10) to base 4.
221210000310
Convert 124054 (base 9) to base 11.
514a6
Convert 30224452 (base 8) to base 3.
102222111121110
-107490 (base 10) to base 6
-2145350
Convert -5421 (base 16) to base 7.
-116535
What is -4140302 (base 5) in base 6?
-1243430
What is -96521 (base 11) in base 13?
-4bb89
Convert 17b5 (base 12) to base 11.
2182
-dfd9 (base 16) to base 2
-1101111111011001
What is -2120033 (base 6) in base 8?
-312425
What is 14255847 (base 9) in base 7?
114020446
-2103221322 (base 4) to base 8
-2235172
2aa085 (base 12) to base 2
10110000010111100101
Convert -1101110110000001101111 (base 2) to base 3.
-20211101021121
Convert 526135 (base 7) to base 16.
1635a
12424051 (base 7) to base 2
1000